6*w**3. List the prime factors of y(7).
2, 13
Suppose 3*x - 5*i = 443 + 5891, 8455 = 4*x + 3*i. What are the prime factors of x?
2113
Let j = -7 - -7. Let z be (-6 + j)*(-4)/12. Suppose z*m - g - 74 = 0, -3*m + 137 = 3*g + 35. What are the prime factors of m?
2, 3
Let z(i) = -i**3 - 23*i**2 - 27*i - 99. List the prime factors of z(-23).
2, 3, 29
Let h = 961 + -78. List the prime factors of h.
883
Suppose u = 4*n + 724, 4*n = -5*u + n + 3574. What are the prime factors of u?
2, 179
Let u(n) be the third derivative of 2*n**5/5 - n**4/4 + 4*n**3/3 + 30*n**2. List the prime factors of u(3).
2, 103
Let h(g) = g**2 + 19*g + 140. List the prime factors of h(-14).
2, 5, 7
Let y = -751 + 1367. List the prime factors of y.
2, 7, 11
Let a = -143 - -143. Suppose -y + a*y = -11. List the prime factors of y.
11
Let k be (36/7)/((-4)/182). Let v = -544 - k. List the prime factors of 2*(v/4)/(-5).
31
Let c = -971 - -1437. List the prime factors of c.
2, 233
Let a = 1 - -1. Let l(f) = 5*f + 21. Let i be l(-7). Let v = a - i. List the prime factors of v.
2
Let i = -24 - -26. Suppose -1 = 3*t + 2*j - 9, 4*t + i*j - 10 = 0. List the prime factors of 6/t - (-40)/2.
23
Let w = 56 - 45. Suppose w = 4*y - 29. List the prime factors of y.
2, 5
Let u(c) = -29*c**3 - 5*c**2 - 4*c + 2. List the prime factors of u(-3).
2, 47
Let b(h) = 14*h**2 + 28*h**2 + 2*h + 1 - 3 + h. List the prime factors of b(-2).
2, 5
Suppose 6*v + 4*j = 4*v + 380, v + 4*j = 194. What are the prime factors of v?
2, 3, 31
Let n be 1*(6*2 - 1). Let c be 1 + 20/(-5)*-1 + -6. Let q = n - c. What are the prime factors of q?
2, 3
Suppose 0*v = 4*h + 3*v - 15, -v - 2 = -h. Let y be -3 + 0 + h/1. Suppose y = -4*w - 2*f + 180, 59 - 243 = -4*w - 3*f. List the prime factors of w.
43
Suppose -5*y + 11*y - 72 = 0. Let m(c) = -c + 20. What are the prime factors of m(y)?
2
Let f(x) = x**3 - 7*x**2 - 31*x - 17. List the prime factors of f(13).
2, 3, 11
Let a = -27 - -25. Let z be 1/((-1)/(128/a)). What are the prime factors of (-16)/z*(-163 - 1)?
41
Suppose 419 = 3*c + 2*k, -395 = 2*c - 5*c + 4*k. List the prime factors of c.
137
Let w = 403 + -196. What are the prime factors of w?
3, 23
Let h = 2474 - 1602. What are the prime factors of h?
2, 109
Let l be (0 - 6)/(33/(-308)). Let b = l - 53. List the prime factors of b.
3
Let y(n) = -n**2 + 16*n - 18. Let z be y(15). Let i(h) = -25*h - 4. List the prime factors of i(z).
71
Let o be (-376)/24 - 2/6. Let p be (3 - 39)/(6/o). List the prime factors of (p/18)/(2/6).
2
Let y = -671 - -1628. List the prime factors of y.
3, 11, 29
Suppose -3*q - 2031 + 8499 = 0. List the prime factors of q.
2, 7, 11
Let y = -92 - -269. Suppose 2927 - y = -5*m. What are the prime factors of 1/4 + m/(-40)?
2, 7
Suppose 540 = 5*g + 85. Suppose 5*v + 16 = g. What are the prime factors of v?
3, 5
Let i(w) be the first derivative of 11*w**2/2 + w - 19. What are the prime factors of i(9)?
2, 5
Suppose 3*w - 372 = 4*m, 3*m - 2*w + 99 = -181. Let h = m - -206. What are the prime factors of h?
2, 5, 11
Let c(t) = t**3 + 9*t**2 - 4*t - 7. Suppose -v - m = -0*m + 7, -4*v - 44 = -4*m. What are the prime factors of c(v)?
29
Let w be 6/(-3) - (-7 - -2). Suppose w*p + 41 = -7. Let c = p + 26. List the prime factors of c.
2, 5
Suppose -i = -0*i - 5. Let r be (-1)/i - 84/(-20). Let t(y) = y**2 - 2*y + 1. List the prime factors of t(r).
3
List the prime factors of 1902/4 - (-1)/2.
2, 7, 17
Let t(r) = -2*r**2 - 9*r - 10. Let k be t(-7). Let p = -37 - -12. Let n = p - k. List the prime factors of n.
2, 5
Let l = -31 - -35. Suppose 131 = -l*p + 5*p. What are the prime factors of p?
131
Let t(d) = 52 + d + 8 - 31 + 11*d. List the prime factors of t(9).
137
Suppose -7*t + 60 + 283 = 0. Let h = t - 4. List the prime factors of h.
3, 5
Suppose -489 = 4*k - 69. Let p = k - -235. What are the prime factors of p?
2, 5, 13
Let y = 67 + -50. List the prime factors of -6*(-2)/8*2*y.
3, 17
Suppose -3*m - 6 = -6*m. Suppose -f = -4*f + m*d, -4*d + 4 = -4*f. Suppose 3*r - 74 = u, 4*u - 49 = -f*r - r. What are the prime factors of r?
23
List the prime factors of (-4)/16*-4036 - -7.
2, 127
Let l = 47 + -47. Suppose -3*i + 2*x = -0*i - 181, l = 4*i - 3*x - 242. What are the prime factors of i?
59
Let c be ((-8)/(-16))/(1/180). Let w = c - 5. List the prime factors of w.
5, 17
Let k(c) = 174*c - 55. What are the prime factors of k(5)?
5, 163
Let v be (-3 - -4) + 3 - -7. Let b = -4 + v. What are the prime factors of b?
7
Suppose -m - 1293 = 57*v - 61*v, 5*v = -5*m + 1610. List the prime factors of v.
17, 19
Let x = 440 + 1150. What are the prime factors of x?
2, 3, 5, 53
Let g = -1507 + 2174. List the prime factors of g.
23, 29
Suppose -3*h + 300 = 1320. Let u = -108 - h. What are the prime factors of u?
2, 29
Suppose -631 = -2*w + 391. List the prime factors of w.
7, 73
Suppose -15138 = -11*i + 33680. List the prime factors of i.
2, 7, 317
Let b(o) = -o**3 + o**2 - o. Let g(q) = 6*q**3 + 5*q**2 - 7*q - 1. Let p(r) = 5*b(r) - g(r). List the prime factors of p(-2).
5, 17
Let c = -303 + 127. Let v = -123 - c. What are the prime factors of v?
53
Suppose 3*v - 2 = -8. Let f be (v + -1)/((-12)/8). Suppose f*w + 3*z = -w + 108, -71 = -2*w - z. What are the prime factors of w?
5, 7
Let y be ((-10)/(-6) + 1)*-3. Let m = y + 5. Let z = m - -9. What are the prime factors of z?
2, 3
Suppose 1 = -a - 3*x - 4, -a + 2*x = -10. Let d(w) = -3*w**2 + 0*w**2 - 5 + a*w**2 - 10*w - 1. List the prime factors of d(11).
5
Suppose -5*n = 4*x - 299, 77 = 4*x - 2*n - 257. Suppose -2*u = u - 5*m + 147, 5*m = -4*u - 196. Let j = x + u. List the prime factors of j.
2
Let y be 4/(-10) - (-146)/(-10). Let z = y - -19. Suppose -115 = -3*r - 3*q + 11, z*q = 5*r - 246. List the prime factors of r.
2, 23
Let v(d) = d**2 + d. Let s be v(0). Suppose 3*y + 26 = 5*y - 5*z, 0 = 3*y + 3*z + 3. Suppose s = -0*j + y*j - 15. List the prime factors of j.
5
Let l be 14/2*(-16)/(-56). Suppose -l*a + 5 = -a. What are the prime factors of (-13 - -14)*a/1?
5
Let r(v) be the second derivative of v**5/20 - v**4/6 - v**3/3 - 8*v. Let z = -2 - -5. What are the prime factors of r(z)?
3
Let l(a) = a**2 + 6*a - 3. Let v be l(-5). Let d(t) be the second derivative of -t**3/6 - 3*t. What are the prime factors of d(v)?
2
List the prime factors of (2208/15 - -10)/(3/40).
2, 131
Let t(y) = -14*y + 22*y - y**3 - y**2 - 11 - 15*y. What are the prime factors of t(-5)?
2, 31
Let m be (0 - 6)/(0 - 2). Let n = m - 1. What are the prime factors of (-5 - n)*(-3 - 2)?
5, 7
Let i(c) be the third derivative of 0*c + 2/15*c**5 + 1/120*c**6 - 2*c**2 + 1/24*c**4 - 7/6*c**3 + 0. What are the prime factors of i(-5)?
3, 7
Let p(m) = -m**2 - 9*m - 4. Let z be p(-9). Let g(c) = -3*c - 8. Let h be g(z). Suppose 0*t - 50 = -s - 3*t, 152 = 4*s - h*t. What are the prime factors of s?
41
Let z = 967 - 448. What are the prime factors of z?
3, 173
Suppose -1389 - 2151 = -6*t. What are the prime factors of t?
2, 5, 59
Let c(x) = -15 + 9*x + 21 - 14 - 5. Let a(m) = m - 1. Let j be a(6). What are the prime factors of c(j)?
2
Let i = -42 + 44. Suppose -4*c - 56 = -k - 5, -4*k = -i*c - 274. List the prime factors of k.
71
Let d be 0*(-4)/(-3*4). Suppose d = -6*v + 33 - 3. Suppose 4*z = 2*x + 130 + 36, 5*x + v = 0. What are the prime factors of z?
41
Suppose 26*y - 28*y + 1526 = 0. List the prime factors of y.
7, 109
Let t be (-519)/6*(-8)/(6 - 2). Suppose -4*u + t = -27. What are the prime factors of u?
2, 5
Suppose 5*j - 1 - 4 = -5*p, 3*p + 6 = 0. Let t be (-11)/3*(j + -18). Suppose 5 = -5*o + t. List the prime factors of o.
2, 5
Let w = -76 - -83. List the prime factors of -30*w/(84/(-32)).
2, 5
Suppose 0 = -2*h - 3*y + 28, -h - y - 4*y = 0. Let l = 35 - h. Let a(c) = c**2 - 15*c + 3. What are the prime factors of a(l)?
3
Let z = 67 + -62. Suppose z*m + 4 = 4*r + 17, 2*m + 4*r - 22 = 0. What are the prime factors of m?
5
What are the prime factors of 2 + 1290 + -26 + 34?
2, 5, 13
Let r be -4*3/(-12) - -4. Suppose -543 - 66 = -4*j - r*d, -4*j = -3*d - 633. Suppose 4*u - 8 = 2*q + 194, -3*u = 3*q - j. What are the prime factors of u?
3, 17
Suppose -30*n - 650 = -10520. What are the prime factors of n?
7, 47
Let b(k) = k + 19. Let j be b(-8). List the prime factors of ((-1)/(-3))/(j/594).
2, 3
Let o(f) = 4*f - 11